- 4)?
37
Suppose 6*p - 2*p - s + 32 = 0, 5*p = 4*s - 51. Let i be (-29)/2*(p - -5). Let x = i - 0. What are the prime factors of x?
29
Suppose -8*q - 7*q = -60. List the prime factors of 0 - -133 - (-6 + q - -5).
2, 5, 13
List the prime factors of (3282 - 58) + (-6 - -1).
3, 29, 37
Suppose m - 4*b = 5*m - 576, -b + 2 = 0. Suppose 3*g - m = 44. What are the prime factors of g?
2, 31
Suppose -2*r + 84 = -142. Suppose 143 + r = 4*f. What are the prime factors of f?
2
Let o = 7 + -2. Suppose -54 + 29 = -5*h. Let f = h + o. List the prime factors of f.
2, 5
Let d = -2588 + 5952. List the prime factors of d.
2, 29
Suppose -18*p = -28*p + 60. Suppose t = p + 87. List the prime factors of t.
3, 31
Let p(x) = -3*x**2 - 7*x + 33. Let z(i) = 2*i**2 + 4*i - 16. Let s(j) = 3*p(j) + 5*z(j). List the prime factors of s(0).
19
Suppose -4*q = -5*d - 223, 0 = -d + 5*d - 20. Suppose -27*t + 4 = -28*t. List the prime factors of (q/t)/(2/(-4)).
31
Let h(m) = 1327*m + 954. List the prime factors of h(4).
2, 31, 101
Let n = 2 + -2. What are the prime factors of 4*(87 - n)/3?
2, 29
Suppose -7*r = -0*r - 56. What are the prime factors of r?
2
Suppose 4*m - 2924 = 3*p, 0 = 5*m - p - 3*p - 3656. What are the prime factors of m?
2, 7, 13
Let t(o) = o**3 + 11*o**2 - 2*o - 17. Let n be t(-11). Suppose 0 = r - 4*w - 139, 5*r - 764 = n*w - 114. What are the prime factors of r?
127
Suppose -4*w = 4*o - 16060, -12*o = 2*w - 11*o - 8026. List the prime factors of w.
3, 7, 191
Suppose 3*x - 30 = -5*o + 424, 3*o - 3*x - 282 = 0. What are the prime factors of (o/138)/(1 - 91/93)?
31
Let n be (-92)/(-14) - (-6)/14. Suppose n*a + 4277 = 14175. List the prime factors of (-6)/45 - a/(-30).
47
Let j = 29 - 27. Suppose -491 = -j*l + 41. List the prime factors of l.
2, 7, 19
Let o(i) = i + 6. Let t be o(-4). Suppose -3*n = 5*h - 32, 5*n - 4*n + h = 8. What are the prime factors of -6*t/(-3)*n?
2
List the prime factors of (-934 - 16/2)/(-1).
2, 3, 157
Let x = 620 - -25. List the prime factors of x.
3, 5, 43
Let d(p) = 6*p - 24. Suppose 0 = 2*s - 2*l, l - 15 = 2*s - 4*l. Suppose -2*g + 5*j = -20, -3*g = -s*j - 22 - 8. What are the prime factors of d(g)?
2, 3
Let p(d) = 20*d**2 - 113*d + 19. What are the prime factors of p(9)?
2, 311
Let y(i) = i**3 + 12*i**2 - i + 4. Let z be y(-10). List the prime factors of z/(-18)*-3 + (-1)/(-3).
2, 3
Suppose 10 + 10 = 10*s. What are the prime factors of 59 + (-2)/(4/s) + 3?
61
Let o = 16 - 10. Let g = o + -3. Suppose 28 = 3*v + g*w - 20, 5*v + 2*w - 89 = 0. List the prime factors of v.
19
Let o = -45 + 15. Let c = -9 - o. What are the prime factors of c?
3, 7
Let a = -12 - -28. Let z = 11 - a. List the prime factors of (-41)/z*50/10.
41
Let x = -51 + 53. Suppose -x*t = -5*t + 6, -652 = -4*d - 2*t. List the prime factors of d.
2, 3
Suppose 0*z + 16 = -4*z. Let b(w) = -w + 6. Let h be b(z). Suppose -66 = -4*t + 5*k, 3*t + k - 69 = -h. What are the prime factors of t?
19
Let x be -2*(-3)/(-4)*-6. What are the prime factors of ((-3)/(-2) - x/(-6)) + 121?
2, 31
Let d = -33 - -33. Suppose d*a - 56 = -2*a. Suppose -5*m = -2*r + a, 4*m + 26 = 2*r - 0*m. What are the prime factors of r?
3
Let k = -24 - -30. Suppose 3*q + 5*p - 3 = k, 6 = 2*q + 4*p. Let g(c) = 6*c**2 + 3*c - 4. List the prime factors of g(q).
59
What are the prime factors of (-3)/(((-12)/(-88))/(-1))?
2, 11
Let u(j) = 26*j - 23. What are the prime factors of u(4)?
3
Suppose -37 + 12 = -5*x. Suppose x*p - 191 = 9. Suppose 5*i - i = p. What are the prime factors of i?
2, 5
Let w = 86 + 15. Suppose 3*m = -2*b + 55, 4*m - m - w = -4*b. Suppose -3*t + b = -2*t. List the prime factors of t.
23
What are the prime factors of -132*(-7)/(-6)*-2?
2, 7, 11
Let l = -2 - -10. Suppose l = 3*a - 10. List the prime factors of 22 - a/(-2 - -4).
19
Suppose 0 = 3*r + 6 - 36. List the prime factors of 8/r - 2651/(-55).
7
Let q be -3 - (351/(-52) - (-3)/4). Suppose -q*a = 3, -2*a - 415 = -3*g - 7*a. List the prime factors of g.
2, 5, 7
Let d(k) = 92*k - 36. What are the prime factors of d(5)?
2, 53
Let g(o) = o**3 + 5*o**2 + 3*o + 2. Let d be 3/(-12) + (-14)/8. Let z be g(d). Let l(a) = a**2 - 6*a + 5. List the prime factors of l(z).
3, 7
Let p = 33 - -31. Suppose 6*c = 4*c - p. Let r = c - -57. What are the prime factors of r?
5
Let p be (2 - -4)/(-3) - 21. Let m = 15 + p. What are the prime factors of (-2 - 7 - -2)*m?
2, 7
Suppose -5*j = -2*b + 684, -2*j - j = 5*b + 429. Let g be j*1 - 3/(-1). List the prime factors of g/(-5) + 4/1.
31
What are the prime factors of ((-180)/(-150))/(5/8550)?
2, 3, 19
Let k be 9/(-4) + 2 + (-996)/(-16). Suppose 4*b - 3*n - 67 = k, b + 3*n = 21. What are the prime factors of b?
2, 3, 5
Let b(f) = 3*f**2 - 2*f + 2. Let c be b(2). Suppose -6*r + r + c = 0. Suppose 47 = r*m - 31. What are the prime factors of m?
3, 13
Suppose -z + 6 = -0*z. Suppose 6*b - z = 4*b. Suppose n - b*w + 14 = 38, 140 = 5*n + 5*w. List the prime factors of n.
3
Let g(y) = -y**3 - y**2 + y - 203. Let x be g(0). Let w = x + 304. List the prime factors of w.
101
Let b(s) = s**2 + 31*s - 23. Let a be b(-32). Let f be -2*(1 - (2 - 0)). Suppose -28 = -3*x - 2*k, -k + a = x - f. What are the prime factors of x?
2, 3
Let k be (0 - -1)*0/13. Suppose k = -3*n - 2*n + 205. What are the prime factors of n?
41
Suppose 3*l - 944 - 1283 = -2*i, 3*i + 12 = 0. List the prime factors of l.
5, 149
Suppose y - j = 232, 3*y + y - 928 = -2*j. Suppose -5*m - 4*x = -y, -3*m + 135 = 2*x - 5. Let v = m - 26. What are the prime factors of v?
2, 11
Let h(o) = 775*o - 56. What are the prime factors of h(4)?
2, 761
Suppose -2*r + 4*k + 16 = 0, 5*r + 0*r + 16 = -4*k. Let o be r/6*1/(-3). Suppose o = -l + 12 - 2. List the prime factors of l.
2, 5
Suppose 0 = -24*a + 21*a + 267. List the prime factors of a.
89
Let t be (3 + -8)/((-5)/(-10)). Let l(g) = g**3 + 11*g**2 - 9*g - 10. List the prime factors of l(t).
2, 3, 5
Suppose -837 = -3*k - 0*k. Suppose -191*w + 188*w = -k. List the prime factors of w.
3, 31
Let l = 106 + 437. What are the prime factors of l?
3, 181
Let p(n) be the third derivative of n**6/120 + 11*n**5/60 + 11*n**4/24 + 5*n**3/2 - 6*n**2. Let q be p(-10). Suppose 40 + 25 = q*t. List the prime factors of t.
13
Suppose 0 = 4*b - 12, -3*k + 3*b + 635 = -70. What are the prime factors of k?
2, 7, 17
Suppose z = 5*z - 20. Let u be (z/(-3))/((-4)/12). Suppose u*l = 3*l + 38. List the prime factors of l.
19
Let m(w) = -7*w - 14. Suppose 0 = -5*v + 7*v + 14. Let z = v - 1. List the prime factors of m(z).
2, 3, 7
Let o = -22 - -37. Suppose 5*s - o - 140 = 0. What are the prime factors of s?
31
Let l be -3 + 2 - (-1 + -2). List the prime factors of 3/l*246/9.
41
Suppose 13*s - 120 = 5*s. Suppose -s - 10 = -b. What are the prime factors of b?
5
Suppose -4*m - 138 = -2*x, -516 = -5*x + 4*m - 159. List the prime factors of x.
73
Let d(k) = 486*k**2 + 52*k - 134. List the prime factors of d(3).
2, 7, 157
Suppose u - 2*p = 266 + 106, 0 = 3*u - 2*p - 1128. What are the prime factors of u?
2, 3, 7
Suppose 5*d + f + 0 = 12, -2*f = 6. Suppose 136 = -d*x + 340. List the prime factors of x.
2, 17
Let t(n) = n**2 + 8*n + 14. Let d be t(-6). Suppose d*z = -3*z + 15. Suppose 4*u - 2*c = -4*c + 132, -5*c = -z*u + 99. List the prime factors of u.
3, 11
Let i(f) = f**2 - 7*f - 13. Let r = 31 + -22. Let z be i(r). Let n = 19 - z. List the prime factors of n.
2, 7
Let t(r) = r**3 + 17*r**2 + 17*r + 18. Let l be t(-16). Suppose -200 = -3*o - l*o. Suppose v = 5*v - o. What are the prime factors of v?
2, 5
Suppose 3*k = 0, 2*o + 18 = 5*o + 3*k. Suppose 0 = -o*y + 5*y + 76. What are the prime factors of y?
2, 19
Suppose 37 = 4*k - 35. Let z = -16 + k. Suppose 94 = 5*t + 4*u, -2*t + 7*t - 88 = z*u. List the prime factors of t.
2, 3
List the prime factors of (12/7)/((-6)/100128*-16).
2, 3, 149
Let v(y) = y - 5. Let c be v(8). Suppose -d - k = -63, c*k + 257 = 4*d + 6*k. What are the prime factors of d?
2, 17
Suppose -6*o = -o - 60. Suppose -8*z = -o*z + 588. Suppose 5*j - z = -3*u, -u - u - 2*j + 94 = 0. What are the prime factors of u?
2, 11
Let i(m) = -m**2 + 9*m + 3. Let f be i(9). Let b = 2 + f. Suppose -3*q + 77 = -2*d + d, -b*q - 5*d + 115 = 0. What are the prime factors of q?
5
Suppose -35*z = -46*z + 27962. List the prime factors of z.
2, 31, 41
Sup